nder when 7 is divided by s.
3
Suppose c - 6 = 2*c. Let b = c - -9. Suppose -g + 12 = -4*a, 15 = g + 2*a + b. Calculate the remainder when 22 is divided by g.
10
Let i(o) = -o**3 + 20*o**2 - 19*o + 10. What is the remainder when 27 is divided by i(19)?
7
Let t(k) = k**3 + 6*k**2 + k - 2. Let n = 12 - 18. Let i be t(n). What is the remainder when (i + 1)*(-4 - -3) is divided by 4?
3
Suppose 2*d + 33 - 123 = 0. Calculate the remainder when d is divided by 23.
22
Suppose -3*k + 256 + 266 = -2*x, x - 685 = -4*k. What is the remainder when k is divided by 35?
32
Suppose z = -2*l + 5*l - 40, 2*z = -3*l + 28. Calculate the remainder when 33 is divided by l.
9
Let p be -2 + 4 - (-1 + 5). Suppose 0 = -5*c + 3*w + 244, 4*w - 2*w + 96 = 2*c. Calculate the remainder when c is divided by p/(-3) - (-49)/3.
16
Let p = 7 + 1. Suppose -4*j = -p*j. Suppose -3*k + 69 = -3*s - j*s, -5*s = -3*k + 79. What is the remainder when 53 is divided by k?
17
Let l(x) = -3*x + 3. Calculate the remainder when 835/25 - (-6)/10 is divided by l(-5).
16
Let d = -5 - -8. Suppose 2*j = d*j - 15. What is the remainder when 28 is divided by j?
13
Let s(x) = -1 - 3*x - 3*x**2 + x - x**3 + 3. Let k(t) = -t**3 + 13*t**2 + 17*t - 33. Calculate the remainder when s(-4) is divided by k(14).
8
Let u(o) = -o - 7. Let m be u(-9). Suppose -2*j = m*j - 44. What is the remainder when j is divided by 7?
4
Let r = 0 + 4. Calculate the remainder when 62 is divided by (r/(-2))/(7/(-56)).
14
Suppose 4*a + 2*v = 90, -v = -a - 6*v + 27. Let h be (-1)/(-2)*96*1. Suppose 2*t - h = -2*t. What is the remainder when a is divided by t?
10
Let q(m) = m**3 + 7*m**2 + 6*m - 3. Let v be q(-6). Let c = 37 + 12. What is the remainder when c is divided by (1 + 2/v)*51?
15
Let n = -27 + 40. What is the remainder when 25 is divided by n?
12
Let s = 4 - 2. Let f(m) = 2*m + m + m - s. What is the remainder when f(5) is divided by 10?
8
Let q = -13 + 36. Suppose n - 35 = -3*w, 2*w - 5*n - 39 = -10. Calculate the remainder when q is divided by w.
11
Suppose 2*a = -2*s - 0*a + 10, 3*a = 3. Calculate the remainder when (-3)/(3/20*-2) is divided by s.
2
Suppose -5*t + 5*i = -60, 5*t + i = 35 + 13. Suppose -4*k + 10 = k. Suppose k*l - 63 = -9. Calculate the remainder when l is divided by t.
7
Let q be 5/(-1 - (-6)/9). Let v = q - -39. Let g = v - 13. Calculate the remainder when 20 is divided by g.
9
Suppose 14*a - 160 = 10*a. What is the remainder when a is divided by 21?
19
Let u(q) = q**2 - 9*q + 35. What is the remainder when u(8) is divided by (4 + 1)*(4 + -2)?
7
Suppose -5*m - 18 = -58. Calculate the remainder when m is divided by 2.
0
Suppose -3*n + 3 = 2*f, -f - 5 = 4*f - 5*n. Suppose -3*r - 2*r + 85 = f. Calculate the remainder when r is divided by 6.
5
Suppose -q - 3*c + 186 = 2*q, 5*q - 322 = c. Calculate the remainder when q is divided by 14.
8
Let k = 5 + -9. Let p = 17 - k. Suppose -q + 0*q = -p. Calculate the remainder when q is divided by 6.
3
Suppose 0 = -o + 3*a + 17, 3*a - 2*a = o - 19. Calculate the remainder when o is divided by (-2)/(-4) + (-39)/(-6).
6
Let v(t) = 3*t**2 - 5*t - 8. Calculate the remainder when 25 is divided by v(-2).
11
Let h be (3*4/(-6))/1. Let t = 0 - -2. What is the remainder when t is divided by 15/(-10)*h/3?
0
Let o(l) = -l + 4. Let n be o(7). Calculate the remainder when 62 is divided by n*7/(1 + -2).
20
Let i(v) = -3*v - 3. What is the remainder when i(-15) is divided by 15?
12
Suppose 3*y - 59 = 37. Calculate the remainder when 123 is divided by y.
27
Suppose -2*r + r = -9. Let k = 42 - 17. Calculate the remainder when k is divided by r.
7
Let s be 3*2/12*24. Suppose c = -c + s. Calculate the remainder when 12 + 0/1 - 3 is divided by c.
3
Suppose -g + 16 = 3*g. Let o(q) = -4*q + 6. Let t be o(g). Calculate the remainder when 26 is divided by (-56)/t*5/2.
12
Let z(d) = 6*d**2 - 3*d. Suppose -12*i + 8*i + 208 = 0. Calculate the remainder when i is divided by z(2).
16
Let j(c) = c**3 + 18*c**2 - 28*c - 37. Calculate the remainder when j(-19) is divided by 34.
32
Let w = 255 + -118. Let p = w + -98. What is the remainder when p is divided by 10?
9
Suppose 2*l - 2*d - 8 = 0, -4*l + 12 = -3*l - 3*d. Suppose l = -2*s - 2, 4*t + s = t + 101. What is the remainder when t is divided by 12?
10
Let p = 43 - 24. Calculate the remainder when p is divided by 12.
7
Suppose 2*v - 12 = -0. What is the remainder when 7 is divided by v/(-2)*(-25)/15?
2
Suppose 5*b = 3*u + 2*u - 150, -u + 24 = b. Suppose 4*z - 4*j + j - 130 = 0, z + 2*j = u. What is the remainder when z is divided by 11?
9
Suppose 0 = 4*o + 20, -v + 22 = o - 2*o. Calculate the remainder when v is divided by 10.
7
Calculate the remainder when 53 is divided by 2 - 1/(3/(-39)).
8
Let j = -3 + 6. Let w(r) = -3 + 0 - 5*r**2 + 8*r + r**j + 2 - 3*r. What is the remainder when w(4) is divided by 3?
0
Let s(r) = -7*r - 6. Let y(v) = 22*v + 18. Let n(d) = 16*s(d) + 5*y(d). Let p be 12/(6/(-8)*2). Calculate the remainder when 28 is divided by n(p).
8
Let x = 86 - 54. What is the remainder when (60/16)/(6/x) is divided by 11?
9
What is the remainder when 21 is divided by -3*1/(6/(-16))?
5
Suppose -4*j + 7*j = 3*k + 42, 5*j - 4*k - 75 = 0. Let t = 21 - -14. What is the remainder when t is divided by j?
16
Suppose -7*k + 59 = -60. Calculate the remainder when k is divided by 4.
1
Let q be ((3*-2)/(-2))/1. Suppose 2*r - 5*f - 76 = 0, 2*f = -0*f. What is the remainder when r is divided by (80/(-12))/((-2)/q)?
8
Suppose 2*g - 5*g = -78. Calculate the remainder when g is divided by 14.
12
Let t = 28 - -2. What is the remainder when t is divided by 11?
8
Let f be (-262)/(-10) + 1/(-5). Let o = -44 + f. What is the remainder when 44 is divided by (o/4 + 2)*-6?
14
Let q = 22 - 10. Let u be ((-3)/((-9)/q))/(-2). Calculate the remainder when 3 is divided by (24/10 + u)*5.
1
Let z(o) = -4*o - 3. What is the remainder when z(-5) is divided by 4?
1
Suppose -11*x - 51 = -14*x. Calculate the remainder when 48 is divided by x.
14
Let b be -1 + 1 + (-2 - -2). Suppose 5*o = j - 22, 5*j - 2*o - o - 22 = b. Calculate the remainder when (j/(-6))/(1/(-57)) is divided by 10.
9
Let j(s) = -s**2 + 10*s - 1. What is the remainder when 77 is divided by j(7)?
17
Let b = -128 - -147. Suppose 2*c = 4*c - 22. Calculate the remainder when b is divided by c.
8
What is the remainder when ((-332)/6)/(4/(-6)) is divided by 17?
15
What is the remainder when 1/3 + 1292/57 is divided by 6?
5
Suppose 2*i + 3*i = 0. Suppose i = 5*y - 3*y - 20. What is the remainder when y is divided by 6?
4
Let d = -15 - -35. Let c = d + -12. What is the remainder when c is divided by 5?
3
Calculate the remainder when 42 is divided by 1 + (19 - 1) - -4.
19
Let x(k) be the first derivative of -k**2/2 + 5. Calculate the remainder when 9 is divided by x(-5).
4
Let i(s) = 6*s**2 - 1. Let n be i(-1). Suppose 0*y + 5*m - 23 = -3*y, -n*y + 63 = -4*m. Let a = -2 + 32. Calculate the remainder when a is divided by y.
8
Let p = -89 - -148. Let d = p + -16. What is the remainder when d is divided by 11?
10
Let r = 3 - -3. Let u(o) = o - 3. Let t be u(r). Suppose 0 = -t*d - 5*i + 31, -2*i = i + 3. Calculate the remainder when 22 is divided by d.
10
Let n(k) = -6*k**3. Let m(y) = -y**2 + 3*y**2 + 2*y**2 - 4*y + 0*y + 1. Calculate the remainder when n(-2) is divided by m(3).
23
Let v(y) = -13*y. Let k = 7 + 3. Calculate the remainder when v(-4) is divided by ((-36)/(-10))/(2/k).
16
Suppose -4*x - 1 + 5 = -3*z, -2*x = 5*z - 2. Suppose -3*m = -z*m + 3. Let q(c) = 6*c**2 + 1. Calculate the remainder when q(m) is divided by 4.
3
Suppose 7*r - 3*r + 12 = 0. Calculate the remainder when (5/(r + 2))/(-1) is divided by 2.
1
Suppose -2*o + 33 + 11 = 0. Calculate the remainder when 18*(-1 - (-10)/3) is divided by o.
20
Let x(y) = -y. Let q be x(-2). Let p be (3/q)/((-3)/(-6)). Suppose p*h + 13 - 163 = 0. What is the remainder when h is divided by 17?
16
Suppose 0 = 2*q + q - 48. Let j = -2 + q. What is the remainder when j is divided by 8?
6
Let m(y) = -y**2 - 18*y - 21. Calculate the remainder when m(-15) is divided by 9.
6
Suppose 2*y - 5 = 5. Let f(l) = l**3 - 4*l**2 - 4*l - 1. Let s be f(y). Suppose -2*p - s*w = -p + 2, 7 = p - 5*w. What is the remainder when p is divided by 2?
0
Let b(y) = -2*y + 11. Suppose -o = o